nd c?
9
Suppose 0 = 2*h - 14 - 28. Calculate the greatest common divisor of h and 3.
3
Suppose -14 = -3*w + 13. Suppose 7 = -3*d + 2*d - 2*x, 0 = -d + x + 2. Let l = d + 2. Calculate the highest common factor of w and l.
1
Let p(a) = a**3 - 16*a**2 - 7*a - 16. Let m be p(17). Calculate the greatest common divisor of 11 and m.
11
Suppose g - 3*v = 3*g - 10, 4 = g + v. Suppose 11 = -k + g*k. Calculate the greatest common divisor of k and 11.
11
Let h(l) = 17*l**2 + 4*l + 2. Let n(j) = j - 15. Let p be n(12). Let r be h(p). What is the highest common factor of 13 and r?
13
Let g = -200 - -296. What is the highest common factor of 12 and g?
12
Let v = 303 - 168. What is the greatest common divisor of 15 and v?
15
Suppose 5*b - 6 = 3*b. Suppose -y - 4 = 0, -b*l = -5*y + 10 - 78. Calculate the greatest common factor of 64 and l.
16
Let n = -10 - -42. What is the highest common factor of n and 4?
4
Suppose -2*q = -4*q + 18. Let p(j) = j + 4. Let h be p(-7). Let d = q + h. Calculate the greatest common divisor of d and 3.
3
Let w be 1 + 64 - (7 - (-30)/(-6)). Suppose -2*i + 38 = 4*y, 5*y - 17 = 4*y - 2*i. What is the highest common divisor of w and y?
7
Let a(l) = l**2 - 3*l + 2. Let v be a(5). Calculate the highest common divisor of v and 8.
4
Let w(k) = 2*k**2 - 6*k + 1. Let c be w(-5). Let x be (-56)/(-6) + -1 + (-2)/(-3). Calculate the greatest common divisor of x and c.
9
Suppose 0 = 6*z - 2*z - 36. What is the greatest common factor of z and 63?
9
Suppose 0*v - 4*v + 28 = 0. Suppose 3 = 2*y - 1. Suppose 0*r = -y*r + 14. Calculate the highest common divisor of v and r.
7
Suppose -11*x = -6*x - 35. Calculate the highest common divisor of 7 and x.
7
Suppose 0 = -w - 0 + 2. Let u = w - 2. Suppose u = -0*n + 4*n - 2*y - 228, 4*n + 4*y - 204 = 0. Calculate the highest common divisor of 11 and n.
11
Suppose -3*b = -0*x - 2*x - 608, 0 = -b - x + 196. Calculate the highest common divisor of 25 and b.
25
Let l be (5/3)/(1/75). Let j(u) = -2*u + 32. Let r be j(-9). Calculate the highest common factor of l and r.
25
Suppose 8*u - 14*u + 246 = 0. Calculate the highest common factor of u and 164.
41
Suppose -84 = -276*t + 270*t. Let z = -3 - -8. Suppose -4*c + 5 = -2*n + 5*n, z*n + 5*c - 15 = 0. What is the highest common divisor of n and t?
7
Let m be ((-2)/(-4))/(4/48). Suppose 2*o = m + 6. Let i = -1 + 4. Calculate the greatest common divisor of i and o.
3
Let o be 1230/11 - (-16)/88. Let d = o + -8. Let r(s) = 3*s**2 - s - 4. Let g be r(-3). Calculate the highest common factor of d and g.
26
Let x(d) = 3*d - 2. Let v be x(3). Suppose 4*s = -3*f + 2, -5*f + 2 = 2*s - 4*f. Suppose v = s*m - m. What is the highest common factor of m and 14?
7
Suppose -4*l = -128 + 40. Calculate the highest common divisor of 44 and l.
22
Let t(k) = -k - 1. Let z be t(2). Let n = z + -13. Let s = 12 - n. Calculate the highest common divisor of 7 and s.
7
Suppose 3*j = 3*d - 0*d + 12, 3*j + 3*d = 12. Calculate the greatest common divisor of j and 44.
4
Suppose 0 = 4*y + 5*n, 0 = 4*y - 0*n + 4*n. Suppose -3*r - p + 130 = 0, y = -r - 2*r - 3*p + 126. What is the greatest common divisor of r and 110?
22
Let g be (-118)/(-8) + 14/56. Calculate the highest common factor of 15 and g.
15
Suppose -50 - 84 = -2*u. Calculate the greatest common factor of 67 and u.
67
Suppose -11*l + 192 = -39. Let r(m) = 3*m**2 + m. Let x be r(1). Suppose -2*w + 2*n + 3*n + 16 = 0, -2*n = x. Calculate the greatest common divisor of w and l.
3
Let v = 1 - -122. Calculate the highest common divisor of 41 and v.
41
Let o be (1 - -183)*(-6)/(-12). Let t = o + -37. Suppose -13 = -3*q + 53. Calculate the greatest common divisor of q and t.
11
Let g(o) = -o + 31. Let n be g(10). Calculate the highest common divisor of 3 and n.
3
Let m = 21 + 1. Let f be 1 + 0 + 2*1. Suppose 0 = -2*n - 4*z + 34, -2*n + 8 = -f*z - 5. What is the greatest common divisor of n and m?
11
Let o(h) = -6*h - 3. Let b be o(-3). Let d be (0/2 - 1)*-2. Let i be 0 - (-10)/d*3. What is the highest common divisor of b and i?
15
Let s be (22 - (-2 + 1)) + 2. Calculate the greatest common divisor of s and 50.
25
Let v = -52 - -78. What is the greatest common divisor of 117 and v?
13
Let p be (-4)/(-10) + 84/15. Suppose -4*n = 2*i + 14, 5 = -5*n + 4*n. Suppose -49 - 41 = -i*u. What is the greatest common factor of u and p?
6
Let o = 6 - 0. Let b = -6 - -12. What is the highest common factor of b and o?
6
Let z be 358/6 + (10/5)/6. What is the greatest common factor of z and 24?
12
Let s be (13 + -8)*(2 + 1). Let y(c) = -c**2 - 6*c - 3. Let v be y(-3). Calculate the highest common divisor of s and v.
3
Let i(v) = -v**3 - 9*v**2 + 12*v + 11. Let y be i(-10). Let x = y - -12. Suppose x*q - 196 = 398. Calculate the highest common factor of q and 22.
22
Let c be (-1 + 16)/(21/28). Let s = c + -6. What is the highest common divisor of s and 98?
14
Suppose -15 = 30*j - 25*j. Let y be j + (-249)/9*-3. What is the greatest common factor of 16 and y?
16
Let a be (-227)/(-5) - 2/5. Let f be ((-20)/(-3))/((-2)/(-9)). Calculate the greatest common factor of f and a.
15
Suppose 12*f - 10*f = 12. What is the highest common factor of 18 and f?
6
Let c be ((-3)/(12/176) + 3)*-1. What is the highest common divisor of c and 123?
41
Let q(u) = u**3 + u**2 + u + 31. Suppose 15*y = 18*y. Let m be q(y). Calculate the greatest common factor of 341 and m.
31
Suppose 4*w + w - 8 = -2*b, w + 2*b = 0. Calculate the greatest common divisor of 8 and w.
2
Let a be 1935/55 + 2/(-11). Suppose d = 5*c - a, 3*d - d + 40 = 5*c. What is the greatest common factor of c and 66?
6
Let t(n) be the second derivative of n**4/12 - 4*n**3/3 - 19*n**2/2 + 7*n. Let x be t(11). Calculate the greatest common divisor of 14 and x.
14
Let g = -7 + 10. Let s(v) = 5*v**2 - 2*v - 1. Let w be s(-1). What is the greatest common divisor of g and w?
3
Let w = 2 - -4. What is the greatest common divisor of w and 12?
6
Let l(v) = -v**3 - 4*v**2 - v. Suppose c + 3*u = 3, 3*c + u - 21 = 4. Suppose -1 + c = -2*n. Let g be l(n). What is the greatest common factor of g and 20?
4
Let b be (-2)/(-9) + (460/36 - 5). Calculate the highest common factor of 12 and b.
4
Let o be (-48)/(-5)*(10 + -5). What is the greatest common divisor of o and 12?
12
Let t be (-5 - 0)*8/(-10). What is the highest common factor of 2 and t?
2
Suppose -132 = -5*k - 12. Let o(z) = z**3 + 5*z**2 + 5*z + 5. Let c be o(-6). Let q be -1 + -1 - (c - 1). What is the highest common factor of k and q?
12
Suppose 13 = -4*u - 5*y - 12, -1 = u - 4*y. Let i = 77 + u. Calculate the highest common factor of i and 48.
24
Let g be 2/(-11) - (-26)/143. Suppose g = -3*k - 5*o + 14, 3 = -2*k - o + 24. What is the greatest common factor of 143 and k?
13
Let f(i) = 3*i**2 + 1. Let b be f(1). Let r be 54/15 + b/10. Suppose -3*y - 2*z + 9 = 0, -y + 3*z + 4 = r*z. Calculate the highest common factor of y and 7.
1
Suppose -f = -2*f + 20. Let r(u) = -u**3 + u**2 + u + 10. Let v be (-4)/(-8) - (-1)/(-2). Let c be r(v). Calculate the highest common factor of c and f.
10
Let v be -177*(-6 - -3)/9. Suppose y + 3*b = v, -y - 4*b + 108 = y. Let l = 79 - y. Calculate the highest common divisor of 7 and l.
7
Let o(z) = z + 6. Let x be o(5). Suppose 301 = 3*y - 4*d + 5*d, 0 = -y - 5*d + 119. What is the greatest common divisor of y and x?
11
Suppose 0 = i + 4*m - 23, 4*i + m - 39 = -i. Suppose 4*d - 115 = 5*h, 5*h = -8*d + 3*d + 200. Calculate the greatest common factor of i and d.
7
Suppose 0 = -5*v - 10 + 50. Let t(c) = c**2 - 2*c - 4. Let d be t(3). Let g = d + v. What is the greatest common divisor of g and 49?
7
Let d(w) = 41*w**3 - 2*w + 1. Let r be d(1). Suppose 2*k = 4*k - 16. Calculate the highest common divisor of r and k.
8
Suppose -2*g = 3*g - 4*a - 172, -g = -2*a - 38. Calculate the highest common divisor of 288 and g.
32
Let f be (-22)/8 - 6/24. Let h be ((-3)/9 - f)*51. Let p(r) = r**3 - 7*r**2 + 10*r - 7. Let y be p(6). Calculate the greatest common divisor of y and h.
17
Suppose -5*h + y = -113, -28 = -3*h + 2*h + 2*y. What is the greatest common factor of h and 242?
22
Let n(d) = -d**3 + 7*d**2 - 4*d - 5. Let j be n(6). Suppose -j*p + 32 = -3*p. Let v = -10 + 14. What is the highest common factor of v and p?
4
Let f = -406 + 577. Let o(j) = j**2 + 